2 is divided by 22.
18
Calculate the remainder when 113 is divided by 106.
7
Calculate the remainder when 1953 is divided by 35.
28
Calculate the remainder when 3 is divided by 1.
0
Calculate the remainder when 24239 is divided by 240.
239
What is the remainder when 2598 is divided by 23?
22
Calculate the remainder when 961 is divided by 268.
157
Calculate the remainder when 168 is divided by 53.
9
What is the remainder when 430 is divided by 110?
100
Calculate the remainder when 90 is divided by 77.
13
Calculate the remainder when 53072 is divided by 55.
52
Calculate the remainder when 3520 is divided by 82.
76
What is the remainder when 328 is divided by 11?
9
What is the remainder when 23866 is divided by 29?
28
Calculate the remainder when 2198 is divided by 110.
108
What is the remainder when 234 is divided by 5?
4
What is the remainder when 274 is divided by 66?
10
What is the remainder when 802 is divided by 132?
10
What is the remainder when 657 is divided by 14?
13
Calculate the remainder when 700 is divided by 19.
16
What is the remainder when 169 is divided by 9?
7
Calculate the remainder when 1152 is divided by 13.
8
What is the remainder when 1143 is divided by 172?
111
Calculate the remainder when 679 is divided by 62.
59
What is the remainder when 12441 is divided by 23?
21
Calculate the remainder when 83 is divided by 36.
11
Calculate the remainder when 95 is divided by 16.
15
Calculate the remainder when 3084 is divided by 51.
24
What is the remainder when 5970 is divided by 7?
6
Calculate the remainder when 119 is divided by 19.
5
What is the remainder when 145 is divided by 33?
13
Calculate the remainder when 3421 is divided by 98.
89
What is the remainder when 644 is divided by 34?
32
What is the remainder when 188 is divided by 85?
18
Calculate the remainder when 315 is divided by 83.
66
Calculate the remainder when 71 is divided by 16.
7
What is the remainder when 288 is divided by 97?
94
Calculate the remainder when 85 is divided by 11.
8
Calculate the remainder when 373 is divided by 178.
17
What is the remainder when 227 is divided by 49?
31
Calculate the remainder when 2332 is divided by 97.
4
What is the remainder when 577 is divided by 163?
88
What is the remainder when 149 is divided by 39?
32
Calculate the remainder when 1347 is divided by 40.
27
Calculate the remainder when 30 is divided by 13.
4
Calculate the remainder when 69 is divided by 16.
5
Calculate the remainder when 625 is divided by 65.
40
What is the remainder when 13605 is divided by 189?
186
What is the remainder when 608 is divided by 311?
297
What is the remainder when 225 is divided by 33?
27
Calculate the remainder when 312 is divided by 72.
24
Calculate the remainder when 699 is divided by 11.
6
Calculate the remainder when 133 is divided by 65.
3
Calculate the remainder when 7378 is divided by 30.
28
Calculate the remainder when 135 is divided by 44.
3
What is the remainder when 312 is divided by 118?
76
What is the remainder when 145 is divided by 61?
23
Calculate the remainder when 407 is divided by 6.
5
Calculate the remainder when 724 is divided by 33.
31
What is the remainder when 6417 is divided by 338?
333
What is the remainder when 243 is divided by 84?
75
What is the remainder when 2524 is divided by 49?
25
What is the remainder when 803 is divided by 31?
28
What is the remainder when 979 is divided by 140?
139
Calculate the remainder when 1114 is divided by 34.
26
What is the remainder when 339 is divided by 86?
81
What is the remainder when 264 is divided by 166?
98
What is the remainder when 162 is divided by 52?
6
What is the remainder when 3442 is divided by 69?
61
Calculate the remainder when 396 is divided by 387.
9
What is the remainder when 322 is divided by 43?
21
What is the remainder when 3197 is divided by 8?
5
What is the remainder when 471 is divided by 53?
47
What is the remainder when 116 is divided by 43?
30
Calculate the remainder when 187 is divided by 48.
43
What is the remainder when 749 is divided by 207?
128
What is the remainder when 7882 is divided by 232?
226
What is the remainder when 117 is divided by 30?
27
What is the remainder when 94 is divided by 53?
41
What is the remainder when 362 is divided by 329?
33
Calculate the remainder when 860 is divided by 285.
5
What is the remainder when 10111 is divided by 13?
10
Calculate the remainder when 17 is divided by 4.
1
What is the remainder when 6993 is divided by 66?
63
Calculate the remainder when 7288 is divided by 34.
12
Calculate the remainder when 67 is divided by 14.
11
What is the remainder when 1297 is divided by 375?
172
Calculate the remainder when 3436 is divided by 16.
12
What is the remainder when 34 is divided by 14?
6
What is the remainder when 423 is divided by 35?
3
Calculate the remainder when 577 is divided by 280.
17
What is the remainder when 102 is divided by 21?
18
Calculate the remainder when 739 is divided by 67.
2
What is the remainder when 672 is divided by 113?
107
Calculate the remainder when 1845 is divided by 154.
151
What is the remainder when 1292 is divided by 131?
113
Calculate the remainder when 56 is divided by 29.
27
Calculate the remainder when 519 is divided by 254.
11
What is the remainder when 55 is divided by 47?
8
Calculate the remainder when 141 is divided by 3.
0
Calculate the remainder when 65 is divided by 24.
17
What is the remainder when 1741 is divided by 21?
19
Calculate the remainder when 184 is divided by 13.
2
What is the remainder when 304 is divided by 31?
25
What is the remainder when 253 is divided by 130?
123
Calculate the remainder when 479 is divided by 12.
11
Calculate the remainder when 3117 is divided by 1024.
45
Calculate the remainder when 10797 is divided by 24.
21
Calculate the remainder when 10536 is divided by 20.
16
Calculate the remainder when 213 is divided by 111.
102
Calculate the remainder when 267 is divided by 129.
9
Calculate the remainder when 133 is divided by 67.
66
What is the remainder when 1463 is divided by 24?
23
What is the remainder when 152 is divided by 77?
75
Calculate the remainder when 739 is divided by 10.
9
Calculate the remainder when 316 is divided by 16.
12
Calculate the remainder when 39 is divided by 23.
16
What is the remainder when 71 is divided by 32?
7
Calculate the remainder when 376 is divided by 27.
25
Calculate the remainder when 76 is divided by 34.
8
What is the remainder when 325 is divided by 102?
19
What is the remainder when 18682 is divided by 101?
98
Calculate the remainder when 250 is divided by 59.
14
Calculate the remainder when 1891 is divided by 35.
1
Calculate the remainder when 150 is divided by 134.
16
What is the remainder when 4105 is divided by 15?
10
What is the remainder when 3321 is divided by 85?
6
Calculate the remainder when 357 is divided by 40.
37
Calculate the remainder when 368 is divided by 74.
72
Calculate the remainder when 203 is divided by 15.
8
Calculate the remainder when 150 is divided by 122.
28
What is the remainder when 3450 is divided by 42?
6
Calculate the remainder when 282 is divided by 139.
4
Calculate the remainder when 1663 is divided by 13.
12
What is the remainder when 495 is divided by 127?
114
Calculate the remainder when 552 is divided by 276.
0
Calculate the remainder when 117 is divided by 59.
58
Calculate the remainder when 17 is divided by 9.
8
What is the remainder when 50 is divided by 6?
2
What is the remainder when 207 is divided by 195?
12
What is the remainder when 168 is divided by 3?
0
Calculate the remainder when 445 is divided by 129.
58
What is the remainder when 241 is divided by 49?
45
Calculate the remainder when 210 is divided by 102.
6
Calculate the remainder when 981 is divided by 15.
6
Calculate the remainder when 4965 is divided by 36.
33
What is the remainder when 273 is divided by 95?
83
Calculate the remainder when 228 is divided by 103.
22
Calculate the remainder when 316 is divided by 68.
44
Calculate the remainder when 160 is divided by 63.
34
What is the remainder when 208 is divided by 177?
31
What is the remainder when 1188 is divided by 234?
18
Calculate the remainder when 83 is divided by 3.
2
Calculate the remainder when 883 is divided by 176.
3
Calculate the 